{"id":1056,"date":"2025-01-19T13:11:19","date_gmt":"2025-01-19T12:11:19","guid":{"rendered":"https:\/\/www.dr-ehrlich.de\/content\/?page_id=1056"},"modified":"2025-02-11T09:56:52","modified_gmt":"2025-02-11T08:56:52","slug":"karriere","status":"publish","type":"page","link":"https:\/\/www.dr-ehrlich.de\/content\/karriere\/","title":{"rendered":"Karriere"},"content":{"rendered":"\n<section id=\"gmba15ada\" class=\"wp-block-gutentor-m4 section-gmba15ada gutentor-module gutentor-advanced-columns has-color-bg has-custom-bg\"><div class=\"grid-container\"><div class=\"grid-row\">\n<div id=\"col-gme66d4b\" class=\"wp-block-gutentor-m4-col col-gme66d4b gutentor-single-column  grid-lg-12 grid-md-12 grid-12\"><div id=\"section-gme66d4b\" class=\"section-gme66d4b gutentor-col-wrap\">\n<div id=\"section-g8d0b9e\" class=\"wp-block-gutentor-e1 section-g8d0b9e gutentor-element gutentor-element-advanced-text text-align-center-desktop\"><div class=\"gutentor-text-wrap\"><h2 class=\"gutentor-text\">KARRIERE \/ JOBS<\/h2><\/div><\/div>\n\n\n\n<div id=\"section-g-rgwgbgr\" class=\"wp-block-gutentor-e6 section-g-rgwgbgr gutentor-element gutentor-element-image text-align-center-desktop\"><div class=\"gutentor-element-image-box\"><div class=\"gutentor-image-thumb\"><img decoding=\"async\" class=\"normal-image\" src=\"https:\/\/www.dr-ehrlich.de\/content\/wp-content\/uploads\/2025\/01\/note-jobs2-1.png\" \/><\/div><\/div><\/div>\n\n\n\n<div id=\"section-g-nrztr6n\" class=\"wp-block-gutentor-e1 section-g-nrztr6n gutentor-element gutentor-element-advanced-text text-align-center-desktop\"><div class=\"gutentor-text-wrap\"><p class=\"gutentor-text\">Wir suchen engagierte, freundliche und zuverl\u00e4ssige Mitarbeiter(innen) f\u00fcr folgende Bereiche:<\/p><\/div><\/div>\n\n\n\n<section id=\"g-a9ttcsd\" class=\"wp-block-gutentor-m4 section-g-a9ttcsd gutentor-module gutentor-advanced-columns\"><div class=\"grid-container\"><div class=\"grid-row\">\n<div id=\"col-g-vvktx8h\" class=\"wp-block-gutentor-m4-col col-g-vvktx8h gutentor-single-column  grid-lg-1 grid-md-12 grid-12\"><div id=\"section-g-vvktx8h\" class=\"section-g-vvktx8h gutentor-col-wrap\"><\/div><\/div>\n\n\n\n<div id=\"col-g-541471s\" class=\"wp-block-gutentor-m4-col col-g-541471s gutentor-single-column  grid-lg-10 grid-md-12 grid-12\"><div id=\"section-g-541471s\" class=\"section-g-541471s gutentor-col-wrap\">\n<div id=\"section-g-pxts91s\" class=\"wp-block-gutentor-e7 section-g-pxts91s gutentor-element gutentor-element-list\"><ul class=\"grid-row gutentor-grid-item-wrap list-indicator-icon\"><li class=\"gutentor-list-item grid-lg-12 grid-md-12 grid-12\"><span class=\"gutentor-single-item gutentor-single-item-0\"><span class=\"gutentor-list-item-wrap g-s-list-wrap\"><span class=\"gutentor-single-list-item-icon\"><i class=\"list-item-icon fas fa-dot-circle\"><\/i><\/span><span class=\"gutentor-list-item\"><p class=\"gutentor-single-item-title\"><a href=\"https:\/\/www.dr-ehrlich.de\/content\/ausbildung-zur-medizinischen-fachangestellten\/\">Ausbildung zur Medizinischen Fachangestellten<\/a><\/p><\/span><\/span><\/span><\/li><li class=\"gutentor-list-item grid-lg-12 grid-md-12 grid-12\"><span class=\"gutentor-single-item gutentor-single-item-1\"><span class=\"gutentor-list-item-wrap g-s-list-wrap\"><span class=\"gutentor-single-list-item-icon\"><i class=\"list-item-icon fas fa-dot-circle\"><\/i><\/span><span class=\"gutentor-list-item\"><p class=\"gutentor-single-item-title\"><a href=\"https:\/\/www.dr-ehrlich.de\/content\/medizinische-fachangestellte-gesundheits-und-krankenpflegerin\/\">Medizinische Fachangestellte\/ Gesundheits- und Krankenpfleger(in)<\/a><\/p><\/span><\/span><\/span><\/li><li class=\"gutentor-list-item grid-lg-12 grid-md-12 grid-12\"><span class=\"gutentor-single-item gutentor-single-item-2\"><span class=\"gutentor-list-item-wrap g-s-list-wrap\"><span class=\"gutentor-single-list-item-icon\"><i class=\"list-item-icon fas fa-dot-circle\"><\/i><\/span><span class=\"gutentor-list-item\"><p class=\"gutentor-single-item-title\"><a href=\"https:\/\/www.dr-ehrlich.de\/content\/weiterbildungsassistentin-fachaerztinarzt-allgemeinmedizin\/\">Weiterbildungsassistent(in)\/ Fach\u00e4rztin(arzt) Allgemeinmedizin<\/a><\/p><\/span><\/span><\/span><\/li><\/ul><\/div>\n<\/div><\/div>\n\n\n\n<div id=\"col-g-121tc42\" class=\"wp-block-gutentor-m4-col col-g-121tc42 gutentor-single-column  grid-lg-1 grid-md-12 grid-12\"><div id=\"section-g-121tc42\" class=\"section-g-121tc42 gutentor-col-wrap\"><\/div><\/div>\n<\/div><\/div><\/section>\n\n\n\n<div id=\"section-g-2g1e9oe\" class=\"wp-block-gutentor-e1 section-g-2g1e9oe gutentor-element gutentor-element-advanced-text text-align-center-desktop\"><div class=\"gutentor-text-wrap\"><p class=\"gutentor-text\">Wir sind ein junges, sehr nettes und offenes Team in einer sch\u00f6nen Praxis in Frankfurt-Sachsenhausen (N\u00e4he S\u00fcdbahnhof) mit sehr gutem Betriebsklima, modernster EDV &#8211; Ausstattung und geregelten Arbeitszeiten.<\/p><\/div><\/div>\n\n\n\n<section id=\"g-hqlyylc\" class=\"wp-block-gutentor-m4 section-g-hqlyylc gutentor-module gutentor-advanced-columns\"><div class=\"grid-container\"><div class=\"grid-row\">\n<div id=\"col-g-yzuyz8d\" class=\"wp-block-gutentor-m4-col col-g-yzuyz8d gutentor-single-column  grid-lg-3 grid-md-12 grid-12\"><div id=\"section-g-yzuyz8d\" class=\"section-g-yzuyz8d gutentor-col-wrap\">\n<div id=\"section-g-qjq4gtk\" class=\"wp-block-gutentor-e6 section-g-qjq4gtk gutentor-element gutentor-element-image\"><div class=\"gutentor-element-image-box\"><div class=\"gutentor-image-thumb\"><img decoding=\"async\" class=\"normal-image\" src=\"https:\/\/www.dr-ehrlich.de\/content\/wp-content\/uploads\/2025\/02\/team2.jpg\" \/><\/div><\/div><\/div>\n<\/div><\/div>\n\n\n\n<div id=\"col-g-g8c58xl\" class=\"wp-block-gutentor-m4-col col-g-g8c58xl gutentor-single-column  grid-lg-3 grid-md-12 grid-12\"><div id=\"section-g-g8c58xl\" class=\"section-g-g8c58xl gutentor-col-wrap\">\n<div id=\"section-g-hbhtmcm\" class=\"wp-block-gutentor-e6 section-g-hbhtmcm gutentor-element gutentor-element-image\"><div class=\"gutentor-element-image-box\"><div class=\"gutentor-image-thumb\"><img decoding=\"async\" class=\"normal-image\" src=\"https:\/\/www.dr-ehrlich.de\/content\/wp-content\/uploads\/2025\/02\/team1.jpg\" \/><\/div><\/div><\/div>\n<\/div><\/div>\n\n\n\n<div id=\"col-g-0zz1qxv\" class=\"wp-block-gutentor-m4-col col-g-0zz1qxv gutentor-single-column  grid-lg-3 grid-md-12 grid-12\"><div id=\"section-g-0zz1qxv\" class=\"section-g-0zz1qxv gutentor-col-wrap\">\n<div id=\"section-g-onn515q\" class=\"wp-block-gutentor-e6 section-g-onn515q gutentor-element gutentor-element-image\"><div class=\"gutentor-element-image-box\"><div class=\"gutentor-image-thumb\"><img decoding=\"async\" class=\"normal-image\" src=\"https:\/\/www.dr-ehrlich.de\/content\/wp-content\/uploads\/2025\/02\/team4.jpg\" \/><\/div><\/div><\/div>\n<\/div><\/div>\n\n\n\n<div id=\"col-g-dpgabax\" class=\"wp-block-gutentor-m4-col col-g-dpgabax gutentor-single-column  grid-lg-3 grid-md-12 grid-12\"><div id=\"section-g-dpgabax\" class=\"section-g-dpgabax gutentor-col-wrap\">\n<div id=\"section-g-1houzpi\" class=\"wp-block-gutentor-e6 section-g-1houzpi gutentor-element gutentor-element-image\"><div class=\"gutentor-element-image-box\"><div class=\"gutentor-image-thumb\"><img decoding=\"async\" class=\"normal-image\" src=\"https:\/\/www.dr-ehrlich.de\/content\/wp-content\/uploads\/2025\/02\/team3.jpg\" \/><\/div><\/div><\/div>\n<\/div><\/div>\n<\/div><\/div><\/section>\n\n\n\n<div id=\"section-g-1ab5anc\" class=\"wp-block-gutentor-e1 section-g-1ab5anc gutentor-element gutentor-element-advanced-text text-align-center-desktop\"><div class=\"gutentor-text-wrap\"><p class=\"gutentor-text\">Bewerbungen bitte vollst\u00e4ndig schriftlich oder per Email als PDF an<\/p><\/div><\/div>\n\n\n\n<div id=\"section-g-1e2etn1\" class=\"wp-block-gutentor-e1 section-g-1e2etn1 gutentor-element gutentor-element-advanced-text text-align-center-desktop\"><div class=\"gutentor-text-wrap\"><p class=\"gutentor-text\">Praxis Dr. med. Kerstin Ehrlich<br>Gutzkowstr. 9<br>60594 Frankfurt<br>info@dr-ehrlich.de<\/p><\/div><\/div>\n<\/div><\/div>\n<\/div><\/div><\/section>\n","protected":false},"excerpt":{"rendered":"","protected":false},"author":1,"featured_media":0,"parent":0,"menu_order":0,"comment_status":"closed","ping_status":"closed","template":"template-gutentor-full-width.php","meta":{"footnotes":""},"class_list":["post-1056","page","type-page","status-publish","hentry"],"_links":{"self":[{"href":"https:\/\/www.dr-ehrlich.de\/content\/wp-json\/wp\/v2\/pages\/1056","targetHints":{"allow":["GET"]}}],"collection":[{"href":"https:\/\/www.dr-ehrlich.de\/content\/wp-json\/wp\/v2\/pages"}],"about":[{"href":"https:\/\/www.dr-ehrlich.de\/content\/wp-json\/wp\/v2\/types\/page"}],"author":[{"embeddable":true,"href":"https:\/\/www.dr-ehrlich.de\/content\/wp-json\/wp\/v2\/users\/1"}],"replies":[{"embeddable":true,"href":"https:\/\/www.dr-ehrlich.de\/content\/wp-json\/wp\/v2\/comments?post=1056"}],"version-history":[{"count":47,"href":"https:\/\/www.dr-ehrlich.de\/content\/wp-json\/wp\/v2\/pages\/1056\/revisions"}],"predecessor-version":[{"id":1180,"href":"https:\/\/www.dr-ehrlich.de\/content\/wp-json\/wp\/v2\/pages\/1056\/revisions\/1180"}],"wp:attachment":[{"href":"https:\/\/www.dr-ehrlich.de\/content\/wp-json\/wp\/v2\/media?parent=1056"}],"curies":[{"name":"wp","href":"https:\/\/api.w.org\/{rel}","templated":true}]}}